341370?
True
Is 4974923 a multiple of 163?
True
Is 31 a factor of 3553933?
True
Does 41 divide 820410?
True
Is 14 a factor of 1405040?
True
Does 17 divide 4957212?
False
Is 86887 a multiple of 299?
False
Is 18 a factor of 3591180?
True
Does 10 divide 4139810?
True
Is 36 a factor of 4948596?
True
Is 1730 a factor of 5927102?
False
Is 112119 a multiple of 3?
True
Is 3964170 a multiple of 602?
True
Is 275 a factor of 288425?
False
Is 206154 a multiple of 234?
True
Is 150280 a multiple of 130?
True
Does 120 divide 3167988?
False
Is 767156 a multiple of 476?
False
Is 133 a factor of 320003?
False
Is 101 a factor of 128371?
True
Is 69144 a multiple of 4?
True
Is 2246370 a multiple of 399?
True
Does 15 divide 3432420?
True
Is 52 a factor of 40376?
False
Is 1710750 a multiple of 50?
True
Does 508 divide 5876207?
False
Is 1946 a multiple of 51?
False
Is 16 a factor of 184944?
True
Is 57 a factor of 498110?
False
Is 598425 a multiple of 237?
True
Does 10 divide 1907370?
True
Is 1405140 a multiple of 110?
True
Is 745998 a multiple of 11?
True
Is 15759975 a multiple of 275?
True
Does 19 divide 493520?
False
Does 62 divide 426441?
False
Does 20 divide 3358544?
False
Is 4 a factor of 5816?
True
Is 54 a factor of 50328?
True
Is 1102620 a multiple of 1020?
True
Is 5999105 a multiple of 7?
True
Is 349821 a multiple of 47?
True
Does 71 divide 5788977?
False
Is 86592 a multiple of 41?
True
Is 6 a factor of 20350?
False
Is 25 a factor of 24508?
False
Does 28 divide 21754?
False
Is 35 a factor of 4830?
True
Is 380 a factor of 116666?
False
Is 2 a factor of 62940?
True
Is 218 a factor of 5997616?
True
Is 1414087 a multiple of 103?
True
Does 84 divide 2656045?
False
Is 413722 a multiple of 37?
False
Is 707073 a multiple of 17?
False
Is 18368 a multiple of 30?
False
Does 1035 divide 635490?
True
Does 104 divide 223080?
True
Does 104 divide 577957?
False
Does 4 divide 1379487?
False
Is 94 a factor of 49489?
False
Is 712866 a multiple of 48?
False
Does 72 divide 19536408?
True
Is 7566103 a multiple of 47?
False
Is 279 a factor of 60465?
False
Is 564412 a multiple of 20?
False
Does 8 divide 136349?
False
Is 4026810 a multiple of 6?
True
Is 2 a factor of 58657?
False
Is 130 a factor of 755950?
True
Does 238 divide 1146830?
False
Does 501 divide 98697?
True
Does 42 divide 135660?
True
Is 13 a factor of 10594824?
False
Does 16 divide 360401?
False
Is 156068 a multiple of 11?
True
Is 158563 a multiple of 6?
False
Does 17 divide 491606?
True
Is 250 a factor of 314025?
False
Is 564035 a multiple of 9?
False
Is 551 a factor of 331894?
False
Is 560 a factor of 310800?
True
Is 487254 a multiple of 51?
True
Does 21 divide 4935?
True
Is 2192348 a multiple of 157?
True
Is 112106 a multiple of 11?
False
Is 97 a factor of 537459?
False
Is 196957 a multiple of 2?
False
Does 118 divide 3993603?
False
Is 3631232 a multiple of 47?
False
Is 537 a factor of 541341?
False
Is 91248 a multiple of 3?
True
Is 4053633 a multiple of 61?
True
Does 255 divide 778770?
True
Does 149 divide 444020?
True
Is 24 a factor of 2152509?
False
Is 10346476 a multiple of 881?
False
Is 163 a factor of 14622?
False
Does 126 divide 192483?
False
Is 6237348 a multiple of 78?
True
Does 4 divide 158760?
True
Does 4 divide 153936?
True
Is 70094 a multiple of 643?
False
Is 1793340 a multiple of 90?
True
Is 224812 a multiple of 37?
True
Is 23 a factor of 27564948?
True
Does 89 divide 539576?
False
Does 6 divide 431762?
False
Is 394 a factor of 2012552?
True
Is 52 a factor of 194116?
True
Is 12 a factor of 5183328?
True
Is 121 a factor of 1159301?
True
Is 13 a factor of 61653?
False
Is 279104 a multiple of 224?
True
Is 89 a factor of 427467?
True
Is 1161004 a multiple of 57?
False
Is 323272 a multiple of 2?
True
Is 24 a factor of 32448?
True
Is 2367200 a multiple of 160?
True
Is 702568 a multiple of 56?
False
Does 14 divide 1725131?
False
Does 237 divide 76077?
True
Is 4 a factor of 466007?
False
Is 36309 a multiple of 5?
False
Is 14126029 a multiple of 9?
False
Does 416 divide 337376?
True
Does 266 divide 462574?
True
Is 971316 a multiple of 312?
False
Is 17631920 a multiple of 65?
False
Does 96 divide 3761060?
False
Is 150587 a multiple of 11?
False
Is 5429 a multiple of 2?
False
Is 1165290 a multiple of 105?
True
Is 15 a factor of 515760?
True
Is 15 a factor of 29263?
False
Is 84 a factor of 604528?
False
Is 4176396 a multiple of 3?
True
Does 15 divide 4603665?
True
Is 54 a factor of 586170?
True
Is 92365 a multiple of 203?
True
Is 1264287 a multiple of 219?
True
Is 122 a factor of 260348?
True
Is 848148 a multiple of 138?
True
Is 4144770 a multiple of 270?
True
Is 130020 a multiple of 197?
True
Is 189021 a multiple of 91?
False
Is 2120057 a multiple of 36?
False
Is 9 a factor of 31151?
False
Is 510330 a multiple of 67?
False
Is 3 a factor of 121413?
True
Is 3 a factor of 277506?
True
Is 219114 a multiple of 74?
True
Is 140 a factor of 11128675?
False
Does 669 divide 1467117?
True
Does 7 divide 139092?
False
Does 26 divide 112892?
True
Is 30 a factor of 47495?
False
Is 17 a factor of 20332?
True
Is 462560 a multiple of 98?
True
Does 735 divide 1314180?
True
Is 42 a factor of 11214927?
False
Is 53 a factor of 482769?
False
Is 59 a factor of 224141?
True
Does 250 divide 2327750?
True
Is 125299 a multiple of 5?
False
Is 1004 a factor of 4476836?
True
Is 17 a factor of 415395?
True
Does 563 divide 9455585?
True
Is 4 a factor of 3324?
True
Is 11 a factor of 195427?
False
Does 22 divide 4906?
True
Is 87 a factor of 554973?
True
Is 37 a factor of 1299238?
False
Does 19 divide 247342?
True
Is 203 a factor of 847402?
False
Does 3 divide 349214?
False
Is 236059 a multiple of 9?
False
Does 4 divide 411892?
True
Does 79 divide 1935928?
False
Is 5112801 a multiple of 459?
True
Is 215 a factor of 950085?
True
Is 23078 a multiple of 22?
True
Is 118144 a multiple of 32?
True
Does 27 divide 1112080?
False
Is 483039 a multiple of 337?
False
Is 19 a factor of 11010209?
False
Is 600 a factor of 165600?
True
Is 15 a factor of 566640?
True
Is 625 a factor of 4438143?
False
Does 116 divide 105828?
False
Is 1044827 a multiple of 5?
False
Is 3 a factor of 2835?
True
Is 3840600 a multiple of 24?
True
Is 33 a factor of 5812220?
False
Is 1805845 a multiple of 100?
False
Is 111180 a multiple of 60?
True
Is 22 a factor of 21441?
False
Is 968 a factor of 6713943?
False
Does 11 divide 9146027?
True
Does 526 divide 13334100?
True
Is 175180 a multiple of 190?
True
Is 805562 a multiple of 19?
True
Is 10600 a multiple of 530?
True
Is 260 a factor of 6230148?
False
Does 31 divide 128423?
False
Is 17 a factor of 114671?
False
Is 186393 a multiple of 8?
False
Is 40 a factor of 3766297?
False
Is 499129 a multiple of 8?
False
Does 32 divide 5297?
False
Is 6 a factor of 1644?
True
Is 34 a factor of 43803?
False
Is 40365 even?
False
Is 177 a factor of 5650194?
True
Is 12833604 a multiple of 1143?
True
Is 26 a factor of 9060142?
True
Does 75 divide 4350150?
True
Is 79 a factor of 232971?
True
Is 22 a factor of 254338?
False
Is 8 a factor of 163231?
False
Is 192 a factor of 16890624?
True
Is 701 a factor of 9732100?
False
Does 50 divide 40026?
False
Is 11946328 a multiple of 7?
False
Is 7544 a multiple of 82?
True
Does 8 divide 43417?
False
Is 4676457 a multiple of 938?
False
Does 480 divide 2939158?
False
Does 242 divide 1354716?
True
Does 64 divide 188160?
True
Is 287 a factor of 674498?
False
Does 830 divide 229080?
True
Is 116 a factor of 2513428?
False
Does 49 divide 2742775?
True
Is 18 a factor of 26188632?
True
Does 12 divide 383745?
False
Is 28 a factor of 1234535?
False
Does 59 divide 1598857?
False
Does 689 divide 6621297?
False
Does 19 divide 1706884?
True
Does 10 divide 300642?
False
Is 43 a factor of 892436?
False
Is 1087350 a multiple of 330?
True
Is 333 a factor of 126873?
True
Does 693 divide 9532041?
False
Is 98606 a multiple of 242?
False
Is 11 a factor of 26158?
True
Is 25 a factor of 56742?
False
Does 1021 divide 25762932?
False
Is 15 a factor of 897735?
True
Is 994 a factor of 14330536?
False
Is 5 a factor of 6990?
True
Is 28 a factor of 347816?
True
Does 6 divide 4473444?
True
Does 45 divide 20317847?
False
Is 824579 a multiple of 29?
False
Is 66364 a multiple of 404?
False
Is 127 a factor of 28172?
False
Does 95 divide 167200?
True
Is